{"id":4675,"date":"2019-03-06T20:22:16","date_gmt":"2019-03-06T19:22:16","guid":{"rendered":"http:\/\/mylittlecfo.com\/?page_id=4675"},"modified":"2024-06-07T11:21:13","modified_gmt":"2024-06-07T09:21:13","slug":"mes-missions","status":"publish","type":"page","link":"https:\/\/mylittlecfo.com\/index.php\/mes-missions\/","title":{"rendered":"Missions"},"content":{"rendered":"[vc_row attached=\u00a0\u00bbtrue\u00a0\u00bb padding=\u00a0\u00bb1&Prime;][vc_column width=\u00a0\u00bb1\/6&Prime;][\/vc_column][vc_column width=\u00a0\u00bb2\/3&Prime;][vc_column_text disable_pattern=\u00a0\u00bbfalse\u00a0\u00bb align=\u00a0\u00bbcenter\u00a0\u00bb css=\u00a0\u00bb.vc_custom_1557494345631{margin-bottom: 0px !important;}\u00a0\u00bb]My little CFO peut vous accompagner<\/p>\n<ul>\n<li style=\"text-align: left;\">de fa\u00e7on ponctuelle<\/li>\n<li style=\"text-align: left;\">de fa\u00e7on r\u00e9currente, un \u00e0 plusieurs jours par mois<\/li>\n<li style=\"text-align: left;\">\u00e0 distance ou au sein de votre entreprise<\/li>\n<li style=\"text-align: left;\">en France ou \u00e0 l&rsquo;\u00e9tranger<\/li>\n<\/ul>\n[\/vc_column_text][\/vc_column][vc_column width=\u00a0\u00bb1\/6&Prime;][\/vc_column][\/vc_row][vc_row][vc_column][mk_padding_divider][mk_divider style=\u00a0\u00bbthin_solid\u00a0\u00bb divider_width=\u00a0\u00bbcustom_width\u00a0\u00bb custom_width=\u00a0\u00bb20&Prime; thin_single_color=\u00a0\u00bb#bf9d77&Prime; thickness=\u00a0\u00bb3&Prime;][mk_padding_divider][\/vc_column][\/vc_row][vc_row attached=\u00a0\u00bbtrue\u00a0\u00bb padding=\u00a0\u00bb1&Prime;][vc_column width=\u00a0\u00bb1\/6&Prime;][\/vc_column][vc_column width=\u00a0\u00bb2\/3&Prime;][vc_column_text disable_pattern=\u00a0\u00bbfalse\u00a0\u00bb align=\u00a0\u00bbcenter\u00a0\u00bb css=\u00a0\u00bb.vc_custom_1555678115399{margin-bottom: 0px !important;}\u00a0\u00bb]Accompagnement du dirigeant dans le cadre de son activit\u00e9 au quotidien :<\/p>\n<ul>\n<li style=\"text-align: left;\">Mise en place de tableaux de bord et de proc\u00e9dures afin d&rsquo;identifier, d\u2019analyser puis d&rsquo;am\u00e9liorer les indicateurs-cl\u00e9s de performance de la soci\u00e9t\u00e9<\/li>\n<li style=\"text-align: left;\">Mise en place d\u2019une comptabilit\u00e9 analytique afin d&rsquo;analyser la rentabilit\u00e9 par activit\u00e9 ou par produit<\/li>\n<li style=\"text-align: left;\">Mise en place d\u2019outils et de proc\u00e9dures de suivi de tr\u00e9sorerie, recommandations d\u2019am\u00e9lioration de BFR<\/li>\n<li style=\"text-align: left;\">R\u00e9alisation de reporting mensuels<\/li>\n<li style=\"text-align: left;\">Elaboration de budgets pr\u00e9visionnels<\/li>\n<li style=\"text-align: left;\">Gestion de la relation avec l\u2019expert comptable<\/li>\n<li style=\"text-align: left;\">Gestion de la relation avec le(s) banquier(s)<\/li>\n<li style=\"text-align: left;\">Aide \u00e0 la mise en place de financements<\/li>\n<li style=\"text-align: left;\">Aide \u00e0 l\u2019\u00e9laboration de dossiers de subventions<\/li>\n<li style=\"text-align: left;\">Audit organisationnel, administratif et financier suivi de recommandations et mises en concurrence<\/li>\n<li style=\"text-align: left;\">Optimisation de la gestion RH<\/li>\n<li style=\"text-align: left;\">Mise en place de formations et relation avec l&rsquo;OPCA<\/li>\n<li style=\"text-align: left;\">Digitalisation de la DAF<\/li>\n<\/ul>\n<p>Accompagnement du dirigeant dans le cadre de sa relation avec son actionnariat\u00a0:<\/p>\n<ul>\n<li style=\"text-align: left;\">Elaboration de business plan<\/li>\n<li style=\"text-align: left;\">Accompagnement lors d&rsquo;une lev\u00e9e de fonds et\/ou IPO (pr\u00e9paration du dirigeant \u00e0 la communication avec les investisseurs, valorisation d\u2019entreprise)<\/li>\n<li style=\"text-align: left;\">Gestion de la relation avec les investisseurs<\/li>\n<li style=\"text-align: left;\">Communication financi\u00e8re<\/li>\n<\/ul>\n<p>Accompagnement du dirigeant dans le cadre de prises de d\u00e9cisions strat\u00e9giques\u00a0:<\/p>\n<ul>\n<li style=\"text-align: left;\">Elaboration \/ Red\u00e9finition du business model<\/li>\n<li style=\"text-align: left;\">Accompagnement lors d\u2019un projet de rapprochement \/ d\u2019acquisition \/ de cession<\/li>\n<li style=\"text-align: left;\">Analyse strat\u00e9gique et concurrentielle<\/li>\n<li style=\"text-align: left;\">Accompagnement lors des choix d&rsquo;investissements\u00a0strat\u00e9giques<\/li>\n<li style=\"text-align: left;\">Audits d\u2019acquisitions \/ due diligences<\/li>\n<\/ul>\n[\/vc_column_text][mk_padding_divider size=\u00a0\u00bb49&Prime;][mk_button dimension=\u00a0\u00bbflat\u00a0\u00bb size=\u00a0\u00bbmedium\u00a0\u00bb icon=\u00a0\u00bbmk-li-mail\u00a0\u00bb url=\u00a0\u00bbmailto:solene@mylittlecfo.com\u00a0\u00bb align=\u00a0\u00bbcenter\u00a0\u00bb margin_top=\u00a0\u00bb20&Prime; margin_bottom=\u00a0\u00bb60&Prime; bg_color=\u00a0\u00bb#c59c71&Prime; btn_hover_bg=\u00a0\u00bb#252525&Prime; btn_hover_txt_color=\u00a0\u00bb#ffffff\u00a0\u00bb]contact[\/mk_button][\/vc_column][vc_column width=\u00a0\u00bb1\/6&Prime;][\/vc_column][\/vc_row]\n","protected":false},"excerpt":{"rendered":"<p>[vc_row attached=\u00a0\u00bbtrue\u00a0\u00bb padding=\u00a0\u00bb1&Prime;][vc_column width=\u00a0\u00bb1\/6&Prime;][\/vc_column][vc_column width=\u00a0\u00bb2\/3&Prime;][vc_column_text disable_pattern=\u00a0\u00bbfalse\u00a0\u00bb align=\u00a0\u00bbcenter\u00a0\u00bb css=\u00a0\u00bb.vc_custom_1557494345631{margin-bottom: 0px !important;}\u00a0\u00bb]My little CFO peut vous accompagner de fa\u00e7on ponctuelle de fa\u00e7on r\u00e9currente, un \u00e0 plusieurs jours par mois \u00e0 distance ou au sein de votre entreprise en France ou \u00e0 l&rsquo;\u00e9tranger [\/vc_column_text][\/vc_column][vc_column width=\u00a0\u00bb1\/6&Prime;][\/vc_column][\/vc_row][vc_row][vc_column][mk_padding_divider][mk_divider style=\u00a0\u00bbthin_solid\u00a0\u00bb divider_width=\u00a0\u00bbcustom_width\u00a0\u00bb custom_width=\u00a0\u00bb20&Prime; thin_single_color=\u00a0\u00bb#bf9d77&Prime; thickness=\u00a0\u00bb3&Prime;][mk_padding_divider][\/vc_column][\/vc_row][vc_row attached=\u00a0\u00bbtrue\u00a0\u00bb padding=\u00a0\u00bb1&Prime;][vc_column width=\u00a0\u00bb1\/6&Prime;][\/vc_column][vc_column width=\u00a0\u00bb2\/3&Prime;][vc_column_text disable_pattern=\u00a0\u00bbfalse\u00a0\u00bb align=\u00a0\u00bbcenter\u00a0\u00bb css=\u00a0\u00bb.vc_custom_1555678115399{margin-bottom: 0px [&hellip;]<\/p>\n","protected":false},"author":1,"featured_media":0,"parent":0,"menu_order":0,"comment_status":"closed","ping_status":"closed","template":"","meta":{"footnotes":"","_links_to":"","_links_to_target":""},"_links":{"self":[{"href":"https:\/\/mylittlecfo.com\/index.php\/wp-json\/wp\/v2\/pages\/4675"}],"collection":[{"href":"https:\/\/mylittlecfo.com\/index.php\/wp-json\/wp\/v2\/pages"}],"about":[{"href":"https:\/\/mylittlecfo.com\/index.php\/wp-json\/wp\/v2\/types\/page"}],"author":[{"embeddable":true,"href":"https:\/\/mylittlecfo.com\/index.php\/wp-json\/wp\/v2\/users\/1"}],"replies":[{"embeddable":true,"href":"https:\/\/mylittlecfo.com\/index.php\/wp-json\/wp\/v2\/comments?post=4675"}],"version-history":[{"count":51,"href":"https:\/\/mylittlecfo.com\/index.php\/wp-json\/wp\/v2\/pages\/4675\/revisions"}],"predecessor-version":[{"id":4991,"href":"https:\/\/mylittlecfo.com\/index.php\/wp-json\/wp\/v2\/pages\/4675\/revisions\/4991"}],"wp:attachment":[{"href":"https:\/\/mylittlecfo.com\/index.php\/wp-json\/wp\/v2\/media?parent=4675"}],"curies":[{"name":"wp","href":"https:\/\/api.w.org\/{rel}","templated":true}]}}